{"id":2,"date":"2016-05-10T03:48:21","date_gmt":"2016-05-10T03:48:21","guid":{"rendered":"https:\/\/maradentro.at\/?page_id=2"},"modified":"2025-10-27T11:28:19","modified_gmt":"2025-10-27T10:28:19","slug":"sample-page","status":"publish","type":"page","link":"https:\/\/maradentro.at\/","title":{"rendered":""},"content":{"rendered":"<blockquote>\n<h6><span class=\"quote\">`Resilienz ist wie ein guter Anzug \u2013 sitzt perfekt, auch wenn\u2019s st\u00fcrmt.\u00b4. <\/span><\/h6>\n<\/blockquote>\n<p><img loading=\"lazy\" decoding=\"async\" class=\"wp-image-139  alignleft\" src=\"https:\/\/maradentro.at\/wp-content\/uploads\/2021\/04\/Portraet_neu_apr21-219x300.jpg\" alt=\"\" width=\"283\" height=\"387\" srcset=\"https:\/\/maradentro.at\/wp-content\/uploads\/2021\/04\/Portraet_neu_apr21-219x300.jpg 219w, https:\/\/maradentro.at\/wp-content\/uploads\/2021\/04\/Portraet_neu_apr21-292x400.jpg 292w, https:\/\/maradentro.at\/wp-content\/uploads\/2021\/04\/Portraet_neu_apr21.jpg 661w\" sizes=\"(max-width: 283px) 100vw, 283px\" \/><\/p>\n<p>Herzlich willkommen bei Mar Adentro &#8211; Ihrem Experten f\u00fcr Krisenmanagement! In einer Welt, die st\u00e4ndig im Wandel ist, ist es entscheidend, gut vorbereitet zu sein. Wir freuen uns daher, Sie auf unserer Website begr\u00fc\u00dfen zu d\u00fcrfen, wo wir Ihnen erstklassige Ausbildungen rund um das Thema Krisenmanagement bieten.<\/p>\n<p>Entwickeln Sie mit uns gemeinsam die F\u00e4higkeiten und Strategien, die Sie ben\u00f6tigen, um in herausfordernden Situationen souver\u00e4n zu agieren. Lassen Sie uns gemeinsam die Zukunft sicher gestalten!<\/p>\n<p>Dar\u00fcber hinaus stehen wir auch mit jenen Dienstleistungen zur Verf\u00fcgung, die Ihr Leben leichter machen: Vom Verfassen von Texten bis hin zu humanenergetischen Leistungen.<\/p>\n<p>Dr. Helmut Pisecky, MBA<br \/>\nTrainer, Coach, Speaker, Autor<br \/>\nGesch\u00e4ftsf\u00fchrer Mar Adentro e.U.<\/p>\n<p>Diplomierter Systemischer Coach<br \/>\nDipl. Risiko- und Krisenmanager<br \/>\nDipl. Katastrophenmanager<br \/>\nZertifizierter Humanenergetiker<\/p>\n<p>MBA Arbeits- und Organisationspsychologie<\/p>\n<p>&nbsp;<\/p>\n<h6>Krisenmanagement<\/h6>\n<p>Unsere Krisenmanagement-Ausbildung bietet praxisorientierte Schulungen, um Fachleute auf die effektive Bew\u00e4ltigung verschiedenster Krisensituationen vorzubereiten. Von pr\u00e4ventiven Ma\u00dfnahmen \u00fcber Kommunikationsstrategien bis hin zu operativen Handlungsabl\u00e4ufen \u2013 unsere umfassende Ausbildung vermittelt Ihnen fundiertes Wissen und praktische Fertigkeiten. Erfahrene Dozenten, realit\u00e4tsnahe Szenarien und modernste Lehrmethoden gew\u00e4hrleisten eine effektive und relevante Schulung. Steigern Sie Ihre Kompetenzen im Krisenmanagement und sichern Sie sich die F\u00e4higkeiten, die in dynamischen und herausfordernden Situationen ben\u00f6tigt werden!<\/p>\n<h6>Krisenkommunikation<\/h6>\n<p>Unsere Krisenkommunikations-Ausbildung konzentriert sich darauf, Fachleute auf die strategische und effektive Kommunikation in Krisensituationen vorzubereiten. Die Schulung umfasst praxisnahe Ans\u00e4tze f\u00fcr die Planung, Durchf\u00fchrung und Bewertung von Kommunikationsstrategien in herausfordernden Kontexten. Von der Krisenkommunikationsplanung bis hin zur Medieninteraktion vermitteln wir praxisrelevantes Wissen und f\u00f6rdern die Entwicklung von Kommunikationsfertigkeiten, um das Vertrauen der \u00d6ffentlichkeit zu erhalten und den Ruf Ihres Unternehmens zu sch\u00fctzen. Unsere Experten und praxisorientierten \u00dcbungen erm\u00f6glichen es den Teilnehmern, in kritischen Momenten wirkungsvoll und professionell zu kommunizieren.<\/p>\n<h6>Pers\u00f6nlichkeitsbildung<\/h6>\n<p>Gerade in st\u00fcrmischen Zeiten gibt die Arbeit an sich selbst Orientierung und innere St\u00e4rke. Sie hilft, Selbstvertrauen, Resilienz und Wertebewusstsein zu entwickeln \u2013 F\u00e4higkeiten, die es erm\u00f6glichen, Herausforderungen gelassener zu begegnen und aktiv sowie verantwortungsvoll zu handeln. Wir unterst\u00fctzen Sie bei den Themen Geldbewusstsein, pers\u00f6nliche Resilienz, Konfliktmanagement und Leadership.<\/p>\n<h6>Texterstellung<\/h6>\n<p>Professionelle Texterstellung beinhaltet die kreative und zielgerichtete Erstellung von Inhalten: Wir arbeiten eng mit Ihnen zusammen, um informative, \u00fcberzeugende und ansprechende Texte zu erstellen. Ob es sich um Website-Inhalte, Werbetexte oder redaktionelle Beitr\u00e4ge handelt, wir passen den Stil an Ihre Bed\u00fcrfnisse an und sorgen daf\u00fcr, dass die Botschaft klar und wirkungsvoll vermittelt wird.<\/p>\n<h6>Lektorat<\/h6>\n<p>Unser Lektoratsservice gew\u00e4hrleistet die sprachliche Perfektion und Koh\u00e4renz Ihrer Texte. Lektoren \u00fcberpr\u00fcfen Grammatik, Rechtschreibung, Stil und Struktur, um sicherzustellen, dass Ihr Text h\u00f6chsten Qualit\u00e4tsstandards entspricht. Durch eine sorgf\u00e4ltige Bearbeitung verbessern wir die Lesbarkeit und Klarheit Ihres Inhalts, um sicherzustellen, dass er professionell und wirkungsvoll pr\u00e4sentiert wird.<\/p>\n<h6>Ghostwriting<\/h6>\n<p>Unser Ghostwriting-Service gibt Ihnen die M\u00f6glichkeit, hochwertige Inhalte in Ihrem Namen erstellen zu lassen. Wir verfassen Texte, Artikel oder B\u00fccher nach Ihren Vorgaben und im von Ihnen gew\u00fcnschten Stil. Dabei garantieren wir Diskretion und Vertraulichkeit. Vielleicht wollten Sie schon immer ein Buch \u00fcber Ihre spannende Lebensgeschichte verfassen \u00a0\u2013 wir unterst\u00fctzen Sie dabei, Ihre Ideen in erstklassige schriftliche Inhalte umzusetzen!<\/p>\n<h6>Humanenergetik<\/h6>\n<p><img loading=\"lazy\" decoding=\"async\" class=\"wp-image-164 alignright\" src=\"https:\/\/maradentro.at\/wp-content\/uploads\/2024\/02\/qmbs-he-plakette-web-stand210215-256x300.png\" alt=\"\" width=\"142\" height=\"166\" srcset=\"https:\/\/maradentro.at\/wp-content\/uploads\/2024\/02\/qmbs-he-plakette-web-stand210215-256x300.png 256w, https:\/\/maradentro.at\/wp-content\/uploads\/2024\/02\/qmbs-he-plakette-web-stand210215-700x820.png 700w, https:\/\/maradentro.at\/wp-content\/uploads\/2024\/02\/qmbs-he-plakette-web-stand210215-768x900.png 768w, https:\/\/maradentro.at\/wp-content\/uploads\/2024\/02\/qmbs-he-plakette-web-stand210215-940x1101.png 940w, https:\/\/maradentro.at\/wp-content\/uploads\/2024\/02\/qmbs-he-plakette-web-stand210215-341x400.png 341w, https:\/\/maradentro.at\/wp-content\/uploads\/2024\/02\/qmbs-he-plakette-web-stand210215.png 969w\" sizes=\"(max-width: 142px) 100vw, 142px\" \/><\/p>\n<p>Unser Angebot im Bereich Humanenergetik konzentriert sich auf die ganzheitliche Betrachtung und Beeinflussung der menschlichen Energie. Durch verschiedene energetische Techniken und Methoden strebt der Humanenergetiker an, das Gleichgewicht und die Harmonie von K\u00f6rper, Geist und Seele zu f\u00f6rdern. Wir bieten Ihnen: Energieausgleich, Chakra-Harmonisierung, Aura-Arbeit sowie die Anwendung von anderen energetischen Heilmethoden. Das Ziel besteht darin, Blockaden zu l\u00f6sen, Stress abzubauen und das allgemeine Wohlbefinden zu steigern. Ein Humanenergetiker arbeitet auf einer subtilen energetischen Ebene, um positive Ver\u00e4nderungen in verschiedenen Aspekten des Lebens seiner Klienten zu unterst\u00fctzen.<\/p>\n<p>&nbsp;<\/p>\n<h6>B\u00fccher<\/h6>\n<p><img loading=\"lazy\" decoding=\"async\" class=\"alignnone  wp-image-153\" src=\"https:\/\/maradentro.at\/wp-content\/uploads\/2024\/02\/inselreich-png-188x300.png\" alt=\"\" width=\"148\" height=\"236\" srcset=\"https:\/\/maradentro.at\/wp-content\/uploads\/2024\/02\/inselreich-png-188x300.png 188w, https:\/\/maradentro.at\/wp-content\/uploads\/2024\/02\/inselreich-png-250x400.png 250w, https:\/\/maradentro.at\/wp-content\/uploads\/2024\/02\/inselreich-png.png 387w\" sizes=\"(max-width: 148px) 100vw, 148px\" \/> <img loading=\"lazy\" decoding=\"async\" class=\"alignnone  wp-image-154\" src=\"https:\/\/maradentro.at\/wp-content\/uploads\/2024\/02\/feuerberg-png-188x300.png\" alt=\"\" width=\"148\" height=\"236\" srcset=\"https:\/\/maradentro.at\/wp-content\/uploads\/2024\/02\/feuerberg-png-188x300.png 188w, https:\/\/maradentro.at\/wp-content\/uploads\/2024\/02\/feuerberg-png-250x400.png 250w, https:\/\/maradentro.at\/wp-content\/uploads\/2024\/02\/feuerberg-png.png 400w\" sizes=\"(max-width: 148px) 100vw, 148px\" \/> <img loading=\"lazy\" decoding=\"async\" class=\"alignnone  wp-image-155\" src=\"https:\/\/maradentro.at\/wp-content\/uploads\/2024\/02\/miramare-png-187x300.png\" alt=\"\" width=\"147\" height=\"236\" srcset=\"https:\/\/maradentro.at\/wp-content\/uploads\/2024\/02\/miramare-png-187x300.png 187w, https:\/\/maradentro.at\/wp-content\/uploads\/2024\/02\/miramare-png-249x400.png 249w, https:\/\/maradentro.at\/wp-content\/uploads\/2024\/02\/miramare-png.png 400w\" sizes=\"(max-width: 147px) 100vw, 147px\" \/><img loading=\"lazy\" decoding=\"async\" class=\"alignnone  wp-image-159\" src=\"https:\/\/maradentro.at\/wp-content\/uploads\/2024\/02\/Prinzhorn-Clan-207x300.jpg\" alt=\"\" width=\"163\" height=\"236\" srcset=\"https:\/\/maradentro.at\/wp-content\/uploads\/2024\/02\/Prinzhorn-Clan-207x300.jpg 207w, https:\/\/maradentro.at\/wp-content\/uploads\/2024\/02\/Prinzhorn-Clan-700x1013.jpg 700w, https:\/\/maradentro.at\/wp-content\/uploads\/2024\/02\/Prinzhorn-Clan-768x1111.jpg 768w, https:\/\/maradentro.at\/wp-content\/uploads\/2024\/02\/Prinzhorn-Clan-1061x1536.jpg 1061w, https:\/\/maradentro.at\/wp-content\/uploads\/2024\/02\/Prinzhorn-Clan-1415x2048.jpg 1415w, https:\/\/maradentro.at\/wp-content\/uploads\/2024\/02\/Prinzhorn-Clan-940x1360.jpg 940w, https:\/\/maradentro.at\/wp-content\/uploads\/2024\/02\/Prinzhorn-Clan-276x400.jpg 276w, https:\/\/maradentro.at\/wp-content\/uploads\/2024\/02\/Prinzhorn-Clan.jpg 1769w\" sizes=\"(max-width: 163px) 100vw, 163px\" \/><\/p>\n<p><a href=\"https:\/\/seifertverlag.at\/praesentiert\/autor\/helmut-pisecky\/\">Seifert Verlag &#8211; B\u00fccher von Helmut Pisecky<\/a><\/p>\n<p><a href=\"https:\/\/www.ueberreuter.at\/shop\/die-prinzhorns-der-clan\/\">Ueberreuter Verlag: Die Prinzhorns &#8211; Der Clan<\/a><\/p>\n<h6>\u00dcber uns<\/h6>\n<p>Mar Adentro e.U., gegr\u00fcndet 2010, ist ein auf Krisenmanagement spezialisierter Trainings- und Informationsdienstleister.<\/p>\n<p>Gesch\u00e4ftsf\u00fchrer Dr. Helmut Pisecky ist Wirtschaftshistoriker und war zehn Jahre im Verteidigungsministerium t\u00e4tig, davon mehrere Jahre im Ausland. Er verf\u00fcgt \u00fcber langj\u00e4hrige Erfahrung im Bereich der sicherheitspolitischen Analyse und hat dazu auch mehrere Studien publiziert.<\/p>\n<p>Je nach Auftrag greifen wir auf ein breites Spektrum von Experten und Partnern zur\u00fcck um f\u00fcr unsere Kunden ein umfassendes Serviceportfolio bieten zu k\u00f6nnen.<\/p>\n<h6>Referenzen<\/h6>\n<p>Wirtschaftskammer \u00d6sterreich<br \/>\nDiplomatische Akademie Wien<br \/>\nT\u00dcV AUSTRIA Akademie<br \/>\nAMC Wirtschaftsakademie Wien<br \/>\nFH Campus Wien<br \/>\nFH Ober\u00f6sterreich\/Campus Wels<br \/>\nBundesministerium f\u00fcr Inneres<br \/>\nBundesministerium f\u00fcr Wirtschaft, Energie und Tourismus<\/p>\n<p><a href=\"https:\/\/maradentro.at\/?page_id=58\">Impressum &amp; Kontakt<\/a><\/p>\n","protected":false},"excerpt":{"rendered":"<p>`Resilienz ist wie ein guter Anzug \u2013 sitzt perfekt, auch wenn\u2019s st\u00fcrmt.\u00b4. Herzlich willkommen bei Mar Adentro &#8211; Ihrem Experten f\u00fcr Krisenmanagement! In einer Welt, die st\u00e4ndig im Wandel ist, ist es entscheidend, gut vorbereitet&hellip; <a href=\"https:\/\/maradentro.at\/\">Mehr<\/a><\/p>\n","protected":false},"author":1,"featured_media":0,"parent":0,"menu_order":0,"comment_status":"closed","ping_status":"open","template":"","meta":{"footnotes":""},"_links":{"self":[{"href":"https:\/\/maradentro.at\/index.php?rest_route=\/wp\/v2\/pages\/2"}],"collection":[{"href":"https:\/\/maradentro.at\/index.php?rest_route=\/wp\/v2\/pages"}],"about":[{"href":"https:\/\/maradentro.at\/index.php?rest_route=\/wp\/v2\/types\/page"}],"author":[{"embeddable":true,"href":"https:\/\/maradentro.at\/index.php?rest_route=\/wp\/v2\/users\/1"}],"replies":[{"embeddable":true,"href":"https:\/\/maradentro.at\/index.php?rest_route=%2Fwp%2Fv2%2Fcomments&post=2"}],"version-history":[{"count":37,"href":"https:\/\/maradentro.at\/index.php?rest_route=\/wp\/v2\/pages\/2\/revisions"}],"predecessor-version":[{"id":183,"href":"https:\/\/maradentro.at\/index.php?rest_route=\/wp\/v2\/pages\/2\/revisions\/183"}],"wp:attachment":[{"href":"https:\/\/maradentro.at\/index.php?rest_route=%2Fwp%2Fv2%2Fmedia&parent=2"}],"curies":[{"name":"wp","href":"https:\/\/api.w.org\/{rel}","templated":true}]}}